1
What is the value of (2 - -8) + (-8 - (1 - 4))?
5
4 - (0 + -4 + 0 + 6)
2
Evaluate (-5 - -4) + (-6 - (-13 + 3)).
3
What is the value of (9 - 7) + 0 + -7 - 4?
-9
What is the value of (2 - -1 - 3) + -53 + 47?
-6
What is 1 - (-1 - 1 - -7)?
-4
Evaluate 2 + (0 - 5) - 0.
-3
What is the value of (0 - 5) + (17 - 8) - 2?
2
Evaluate 5 + (11 + (1 - 5) - 4).
8
-4 - 1 - (-1 + -4 + 5)
-5
Calculate -6 - (4 - (13 - 4)) - -3.
2
0 - 2 - (14 - (-10 + 20))
-6
Evaluate 2 + (-6 - (4 + -6)).
-2
What is the value of -23 - -26 - (1 - 5 - -2)?
5
Evaluate -5 + (5 - -9) + -5 + -1.
3
What is -16 + -1 + 6 + 6?
-5
Calculate (5 + -1 - (0 - 0)) + -7.
-3
Calculate (-9 - -3) + 3 + -1.
-4
Calculate -8 + 9 + -3 + 5.
3
What is the value of 5 + (2 + 0 - (1 + 2))?
4
-1 + (-4 + (6 - -2) - 1)
2
Calculate (1 - 12) + 0 + 6.
-5
Calculate (11 - 8) + 4 - 5.
2
(0 - -3) + (1 - -2) + 1
7
-5 + 1 - -9 - 3
2
Calculate 1 - -8 - (9 - 1).
1
Evaluate 13 + -16 - (0 + 4 + -2).
-5
Evaluate 0 + 2 - (7 - (-7 - -7)).
-5
What is the value of 60 + -64 + (4 - -1)?
1
Calculate 1 + (-12 - 0 - (-13 + 5)).
-3
What is -11 - -1 - (3 + (4 - 12))?
-5
Calculate (-2 - (1 + 1)) + 6.
2
Calculate 12 - ((4 - -3) + -1).
6
(6 + -10 - 1 - 0) + 3
-2
Calculate -7 + (-4 - (1 + -11) - 2).
-3
What is the value of 2 + (2 - 1) - -2?
5
Evaluate 3 - -2 - (6 - -13 - 6).
-8
What is -6 + (-4 + -1 - -6) + 0?
-5
Calculate 133 - 133 - (1 - (-5 - 0)).
-6
What is -8 + 2 + (6 - 3)?
-3
(-2 - -9) + (0 - (3 + 2))
2
What is -3 + (-5 - -11) + -3 - 5?
-5
Evaluate -1 - ((17 - 8) + -16).
6
0 + -4 + 2 + (3 - -1)
2
-107 + 117 + (-3 - (1 + 1))
5
Calculate (2 + -5 - -4) + -6.
-5
What is the value of -4 + (3 + -1 - (16 + -15))?
-3
What is 2 + 0 + (3 - 2) + -5?
-2
What is 8 + -13 - -8 - (-2 - -3)?
2
Calculate 3 - (-1 - (-9 - -6)).
1
Calculate -4 + (2 - (-1 - -3)) - -1.
-3
Calculate 5 + -14 + 10 + 0.
1
Evaluate 6 - (0 + 0) - (74 - 71).
3
What is the value of -8 - (0 - 5 - 7)?
4
What is 3 - ((10 - -8) + -9)?
-6
Evaluate (1 - (-5 + (2 - 2))) + -6.
0
What is (14 - (6 + 2)) + -3 + 0?
3
Evaluate (0 - (8 - 9)) + -6.
-5
1 - (-4 - (2 - 5 - -2))
4
What is 7 + (-7 - (-2 + 5) - -5)?
2
What is (2 - 7 - -5) + 3?
3
Calculate -1 + (-5 - 1) + 5.
-2
What is -21 - -4 - (23 - 31)?
-9
Calculate -7 - -2 - 0 - (-9 - -2).
2
Evaluate 0 + 0 - (37 - 33).
-4
-4 - (-4 + 7 + -10 - -3)
0
Evaluate 2 + 0 - (-51 - -52).
1
What is 12 - (1 - -2 - -3)?
6
What is the value of -1 + -2 - -8 - -1?
6
What is the value of -5 - (-6 + 4 - -1)?
-4
What is 3 + -6 - (-1 + -3)?
1
What is 7 - (15 - 0) - (-3 - -1)?
-6
What is -1 - (0 - (2 + (1 - 0)))?
2
What is the value of 1 + -1 - (-3 + 6 + 0)?
-3
What is the value of -201 - -200 - (-1 - 1)?
1
Calculate 4 - (10 - (-7 - -8)).
-5
What is the value of (-13 - -9) + (2 - 0)?
-2
Calculate (3 - 6) + (2 - 3) - 0.
-4
What is the value of 4 - (3 + (-2 - (-2 - 5)))?
-4
What is 1 + 2 + 1 - -3?
7
What is the value of 2 + (3 - 4) + 0 + -3?
-2
(4 - -1) + (-3 - -1) + -2
1
2 - (-2 + 14 + -7 - -6)
-9
What is 5 + -13 + 9 - (-1 + 1)?
1
What is the value of -43 + 36 - (-8 - -3)?
-2
What is -4 - (-4 + 9 + -3 + -5)?
-1
Evaluate (-1 - -13) + -135 + 130.
7
-3 + (3 - 2) + -1 - 0
-3
(5 + 2 - 5) + 1 + 1
4
0 + -7 + (-57 - -65)
1
(3 + 7 - 9) + 0
1
What is (9 - (18 - 6)) + 8?
5
-15 + 9 - (-9 - 1) - 2
2
What is -5 + -4 + 1 + 21 + -6?
7
Calculate -10 + 8 - ((2 - 8) + -1).
5
What is 13 - (18 - 26 - (-11 + -2))?
8
Calculate (-3 - (-1 - (-3 + 8))) + 1.
4
Evaluate 2 + 8 + -14 - 2.
-6
Calculate 7 - 2 - (33 - 31).
3
What is the value of 10 + -1 + (-7 - -1)?
3
Evaluate 2 + (11 - 14 - (-1 + -2)).
2
Calculate (0 - -8) + (-15 - -5) - -7.
5
Calculate (6 - 0) + 0 + -15 + 1.
-8
5 + 12 - (15 + -6)
8
What is (-7 - -2) + 0 + 10?
5
Evaluate (0 - -6) + (7 - (16 - 6)).
3
9 + -12 - (0 + -2)
-1
What is the value of -3 + 8 + -7 + 4 + 3?
5
What is the value of 2 - 2 - (4 + (3 - 15))?
8
What is the value of -197 + 198 - (6 - (0 - 1))?
-6
Calculate -10 + (9 - 3) - 0.
-4
Evaluate 1 + -15 - (220 + -240).
6
What is 3 + -1 - 12 - (-7 + 2)?
-5
Calculate -2 - ((2 - -1) + -27 + 23).
-1
7 + -2 - (1 + 2 + -2)
4
What is the value of -1 - ((4 - (3 - -3)) + -4)?
5
What is -3 + (-3 - -2) + -3 + 5?
-2
What is 0 + (1 - 3) + 0?
-2
What is the value of -29 - -24 - (-10 + -1) - 3?
3
What is -11 + 6 + (-2 - -10) + -10?
-7
3 + -1 + -4 - (4 - 3)
-3
Evaluate -1 + (1 - 3) + 1 + 7.
5
Calculate -1 - -7 - 10 - 2.
-6
What is the value of 14 + -14 + -2 + (-2 - -2)?
-2
Calculate 7 + -3 - (26 + -22).
0
1 - (-1 - (2 + 4 - 6))
2
Calculate -1 + 0 + (6 - (-7 - -15)).
-3
What is 6 - (9 + (-5 - -1))?
1
-1 - 14 - (-53 + 44)
-6
5 - (9 + (11 - 24))
9
0 + -7 + 3 + 6 + -4
-2
What is the value of -4 - (6 - 7) - (-11 - -1)?
7
What is the value of (-5 - (2 - 7) - -1) + 3?
4
What is the value of (-15 - 10 - -22) + 1 + 1?
-1
Evaluate -1 - (-21 + 8 - -6).
6
What is the value of 3 - (5 + 3 + -1)?
-4
Calculate 6 + -8 - (-8 + 2).
4
Evaluate -1 - (-3 - (-9 + 4) - 5).
2
4 - (7 - (-1 + 6 + -5))
-3
What is 8 - (13 + -2 - -5)?
-8
Evaluate 0 - (11 - 7 - (2 + 1)).
-1
Calculate (42 - 35) + -1 + -7 - 4.
-5
Evaluate (9 - 6) + -6 + 2.
-1
What is 9 + -15 + 1 + -2?
-7
What is 2 + 1 + -1 - 1?
1
-3 + (8 - 16 - -5)
-6
Calculate (2 - 1) + -4 + (7 - 7).
-3
(1 - -6 - (-35 + 40)) + 0
2
Calculate (2 - (6 + -10)) + -6.
0
-2 - (-6 + (7 - (0 + 4)))
1
What is (-2 - -2) + 1 - (40 - 45)?
6
-1 - (7 - 8) - (6 + -3)
-3
Calculate -19 - -20 - (2 - 2).
1
Evaluate 6 + (6 - (12 - -3)).
-3
(0 - 3) + (17 - 16)
-2
(0 + -4 - (-4 + -3)) + -5
-2
Calculate -1 + (2 - (-4 - -5)).
0
What is 1 + 0 + 15 + -14 + -3?
-1
Evaluate 0 + 2 + 6 + (2 - 6).
4
What is the value of 2 - -1 - (4 + -2 + -3)?
4
Evaluate -14 + 15 + 4 + 0.
5
Evaluate (-10 - 3 - -9) + 3.
-1
Calculate (4 + -3 - 3) + 7.
5
Evaluate 4 + (-13 - -6) + -1.
-4
(18 - 5) + -9 - 2
2
What is 5 + -3 - (5 + -4)?
1
What is (37 - 35) + (0 - 2)?
0
Calculate 1 - (4 - (12 + -6)).
3
Evaluate (4 - 15 - -2) + 12.
3
What is (14 - 9) + (-8 - 0)?
-3
Evaluate -5 + 4 + -4 + 2.
-3
Calculate -4 + (1 - -4) + -2 - -3.
2
-14 + 27 + -10 - (2 - -10)
-9
What is -41 - -32 - (-1 - 4)?
-4
What is (-5 - -6) + (-1 - (0 + -1))?
1
Evaluate 3 + 14 + -4 + -7 - 0.
6
What is the value of 0 - -5 - (8 - 3)?
0
Evaluate 2 + (-1 - 3 - -1).
-1
(-2 - -5) + (27 - 33) - -8
5
Evaluate -3 + (-5 - -8 - (0 - 1)).
1
(-6 - -10) + -2 - -4
6
Calculate 0 + 4 + 36 + -33.
7
What is -1 - (3 + (-4 - -6))?
-6
Evaluate 80 + -72 - (3 + -1).
6
What is 0 + -2 - (4 - (6 + -3))?
-3
What is the value of -8 + (-2 - -5) + 2?
-3
Calculate 0 + -3 - (38 - 38).
-3
Calculate -6 + (0 - -1) + (198 - 185).
8
Evaluate (-9 - -8) + -6 + 2 + -1.
-6
What is -36 + 41 - ((6 - 1) + -2)?
2
What is 14 + -17 - -17 - (0 - -5)?
9
What is 3 + 5 + -11 + 10 + -1?
6
Evaluate -3 + 0 + 8 + -12 + 9.
2
2 + -2 + -3 + 7
4
Evaluate -4 + (-1 - -1 - -3) + -4.
-5
2 + 4 - 12 - -6
0
Evaluate -11 + -2 + 3 + 4.
-6
What is the value of 1 - (-3 + (0 - 2)) - 4?
2
What is 3 + -6 + 19 + -16?
0
Evaluate -39 - -31 - (-9 - 1).
2
0 + (-2 - 1) + (-103 - -100)
-6
-5 + -4 + 6 + 5
2
Calculate 1 - (-10 + 1 + 5 - -7).
-2
What is the value of -2 - -6 - (19 + -14) - 5?
-6
What is the value of -4 - (1 + 7 + -13)?
1
What is -1 + (1 - 3) - (-59 + 53)?
3
What is the value of (-5 - -5) + (8 - (5 + -1))?
4
What is the value of -1 + (-3 + 5 - 3 - 1)?
-3
Calculate 35 + -38 - (-5 + 0).
2
Evaluate 1 - (-5 + 7 - 4).
3
Calculate -17 - ((2 - -2) + -12).
-9
Evaluate 44 + -49 + (-2 - -1 - -11).
5
What is 7 + -4 + (-3 - 7)?
-7
What is the value of (6 - 1 - 3) + -3?
-1
What is 6 + -6 + -4 + 3 + -1?
-2
Calculate 1 + (-6 - -3 - (-8 + 1)).
5
Evaluate 0 + -2 + 14 + -11 + 3.
4
What is the value of 35 + -31 - (8 + -1)?
-3
Calculate 1 + (-5 - (9 - 17)).
4
Evaluate (-47 - -49) + -1 + -1.
0
Calculate (2 - (1 - 0)) + -31 + 27.
-3
Calculate (1 - -11 - 4) + -11.
-3
Evaluate 3 + (0 + -5 + 11 - 5).
4
What is the value of -8 - (-5 - -4) - -5 - -2?
0
Evaluate 4 + -1 - (6 + -4).
1
What is the value of (1 - (0 + 3)) + 3?
1
1 - 0 - (38 + -30)
-7
What is the value of (38 - 46) + 7 + -1 - -2?
0
Evaluate (-11 - (-8 - -8)) + 5.
-6
Calculate 0 - (16 + -18 - (-2 - -2)).
2
Evaluate -9 + (0 - (-17 + 5)).
3
What is the value of -249 - -250 - (2 + -1)?
0
1 + 3 - (7 + -2)
-1
Evaluate 9 + (-2 - 9) + (3 - 1).
0
Evaluate -9 + 2 + 9 - (3 - -1).
-2
What is 3 - ((-4 - (3 - 8)) + 2)?
0
Calculate 1 + -10 + (19 - 8).
2
-2